20272199?
2
What is the hundreds digit of 41988926?
9
What is the units digit of 63356557?
7
What is the thousands digit of 3156548412?
8
What is the thousands digit of 82546565?
6
What is the thousands digit of 1887185070?
5
What is the hundreds digit of 6084085657?
6
What is the units digit of 536845836?
6
What is the ten millions digit of 81153833?
8
What is the ten millions digit of 265644591?
6
What is the units digit of 72492960?
0
What is the units digit of 226840368?
8
What is the hundred thousands digit of 53633668?
6
What is the hundreds digit of 65748009?
0
What is the hundreds digit of 57946219?
2
What is the tens digit of 54117309?
0
What is the billions digit of 3896242191?
3
What is the millions digit of 4487833514?
7
What is the hundred thousands digit of 29365063?
3
What is the millions digit of 41107473?
1
What is the hundred millions digit of 787821039?
7
What is the hundred thousands digit of 89627494?
6
What is the thousands digit of 27928829?
8
What is the ten millions digit of 193099525?
9
What is the ten millions digit of 1961727620?
6
What is the hundred thousands digit of 851598601?
5
What is the tens digit of 159088918?
1
What is the hundred thousands digit of 3736718178?
7
What is the hundred thousands digit of 466904532?
9
What is the tens digit of 148913890?
9
What is the hundreds digit of 550349290?
2
What is the ten thousands digit of 244522891?
2
What is the ten millions digit of 2022083515?
2
What is the hundred thousands digit of 735783?
7
What is the units digit of 679298899?
9
What is the hundreds digit of 159426264?
2
What is the hundreds digit of 1991082045?
0
What is the hundreds digit of 265448101?
1
What is the hundreds digit of 531302160?
1
What is the hundreds digit of 152705853?
8
What is the ten thousands digit of 187671754?
7
What is the units digit of 125271354?
4
What is the units digit of 11073332?
2
What is the millions digit of 1673437715?
3
What is the hundreds digit of 206590503?
5
What is the ten millions digit of 1757707112?
5
What is the units digit of 926341825?
5
What is the tens digit of 7489550578?
7
What is the tens digit of 35325950?
5
What is the millions digit of 2084848680?
4
What is the hundreds digit of 999863629?
6
What is the ten thousands digit of 673597622?
9
What is the units digit of 312889693?
3
What is the units digit of 18026327?
7
What is the hundreds digit of 60638801?
8
What is the hundred thousands digit of 1326631510?
6
What is the ten thousands digit of 954631492?
3
What is the hundred millions digit of 280667266?
2
What is the hundreds digit of 917419521?
5
What is the tens digit of 1367644164?
6
What is the hundred millions digit of 213832318?
2
What is the hundred millions digit of 3379059064?
3
What is the hundred thousands digit of 2040746489?
7
What is the thousands digit of 523626832?
6
What is the hundreds digit of 30581034?
0
What is the ten thousands digit of 357133505?
3
What is the units digit of 83854159?
9
What is the millions digit of 273064196?
3
What is the ten thousands digit of 1404956026?
5
What is the hundred thousands digit of 263675566?
6
What is the thousands digit of 1202680373?
0
What is the units digit of 558948699?
9
What is the billions digit of 3619149403?
3
What is the millions digit of 114136888?
4
What is the units digit of 21403045?
5
What is the tens digit of 371607874?
7
What is the tens digit of 16854755?
5
What is the tens digit of 155097730?
3
What is the millions digit of 175062806?
5
What is the thousands digit of 357613706?
3
What is the tens digit of 1949360368?
6
What is the units digit of 695758782?
2
What is the units digit of 4332866?
6
What is the millions digit of 4999654487?
9
What is the hundreds digit of 3454743992?
9
What is the ten millions digit of 48629349?
4
What is the ten thousands digit of 25115511?
1
What is the ten millions digit of 3872192545?
7
What is the hundred millions digit of 163570573?
1
What is the hundreds digit of 234385560?
5
What is the millions digit of 32899504?
2
What is the tens digit of 44811783?
8
What is the ten thousands digit of 1005162925?
6
What is the hundred millions digit of 348193153?
3
What is the millions digit of 20642782?
0
What is the ten millions digit of 1087859399?
8
What is the hundreds digit of 18321515?
5
What is the hundred thousands digit of 342135300?
1
What is the tens digit of 108667710?
1
What is the thousands digit of 111545653?
5
What is the tens digit of 57820882?
8
What is the hundred millions digit of 2730128622?
7
What is the ten millions digit of 733663373?
3
What is the units digit of 69648014?
4
What is the tens digit of 30783661?
6
What is the thousands digit of 2384641106?
1
What is the tens digit of 70154525?
2
What is the hundreds digit of 74171439?
4
What is the ten millions digit of 337167097?
3
What is the ten millions digit of 267114136?
6
What is the millions digit of 74166197?
4
What is the units digit of 74727669?
9
What is the ten millions digit of 103991038?
0
What is the thousands digit of 371687453?
7
What is the thousands digit of 44033932?
3
What is the tens digit of 96914738?
3
What is the ten millions digit of 67920383?
6
What is the ten thousands digit of 2451238822?
3
What is the hundreds digit of 90164134?
1
What is the thousands digit of 27947091?
7
What is the ten thousands digit of 2559225429?
2
What is the tens digit of 73308417?
1
What is the hundred thousands digit of 121491964?
4
What is the tens digit of 147146885?
8
What is the billions digit of 1616524894?
1
What is the hundred thousands digit of 5736136390?
1
What is the hundred millions digit of 165573165?
1
What is the hundred thousands digit of 80365039?
3
What is the ten millions digit of 268983571?
6
What is the thousands digit of 34236177?
6
What is the millions digit of 264619454?
4
What is the hundred thousands digit of 11929451?
9
What is the ten thousands digit of 20387968?
8
What is the thousands digit of 71810072?
0
What is the units digit of 1520544462?
2
What is the thousands digit of 61838474?
8
What is the thousands digit of 153717212?
7
What is the thousands digit of 2626893927?
3
What is the millions digit of 480666069?
0
What is the hundred thousands digit of 257703477?
7
What is the units digit of 1337879738?
8
What is the ten thousands digit of 278597613?
9
What is the millions digit of 47808415?
7
What is the ten thousands digit of 825089247?
8
What is the millions digit of 35969420?
5
What is the hundreds digit of 3374482384?
3
What is the ten millions digit of 1619520303?
1
What is the thousands digit of 28890539?
0
What is the tens digit of 209712902?
0
What is the hundred millions digit of 1329773749?
3
What is the thousands digit of 89444164?
4
What is the thousands digit of 39861329?
1
What is the thousands digit of 31441061?
1
What is the units digit of 247124469?
9
What is the ten thousands digit of 123878463?
7
What is the hundred millions digit of 250613781?
2
What is the ten millions digit of 3536520542?
3
What is the ten millions digit of 307890447?
0
What is the millions digit of 82466370?
2
What is the units digit of 61522338?
8
What is the ten thousands digit of 848521257?
2
What is the units digit of 105324942?
2
What is the ten thousands digit of 627816227?
1
What is the hundred millions digit of 146535944?
1
What is the hundreds digit of 864480318?
3
What is the ten thousands digit of 1692351984?
5
What is the thousands digit of 349575258?
5
What is the billions digit of 1762609100?
1
What is the millions digit of 96956069?
6
What is the millions digit of 2167272345?
7
What is the thousands digit of 376966784?
6
What is the thousands digit of 439601039?
1
What is the ten millions digit of 795613956?
9
What is the tens digit of 434664872?
7
What is the ten millions digit of 639090407?
3
What is the ten millions digit of 278120843?
7
What is the hundred millions digit of 101657817?
1
What is the ten thousands digit of 802144761?
4
What is the ten thousands digit of 206104352?
0
What is the ten millions digit of 100656882?
0
What is the hundreds digit of 408981993?
9
What is the hundred millions digit of 4913167825?
9
What is the ten thousands digit of 940234260?
3
What is the millions digit of 1599244609?
9
What is the tho